en 461345 is divided by 7203.
353
Calculate the remainder when 17453 is divided by 5764.
161
What is the remainder when 350565 is divided by 70108?
25
What is the remainder when 2261492 is divided by 54?
26
Calculate the remainder when 316089 is divided by 1175.
14
What is the remainder when 3725026 is divided by 36519?
88
What is the remainder when 74094821 is divided by 6595?
6591
What is the remainder when 56419078 is divided by 135?
13
What is the remainder when 6907347 is divided by 52?
31
Calculate the remainder when 34646 is divided by 438.
44
What is the remainder when 6006034 is divided by 47664?
370
Calculate the remainder when 619138 is divided by 619116.
22
Calculate the remainder when 1013152 is divided by 2507.
324
What is the remainder when 595669 is divided by 4550?
4169
Calculate the remainder when 1146722 is divided by 19771.
4
Calculate the remainder when 218128 is divided by 2766.
2380
Calculate the remainder when 6675199 is divided by 1230.
1219
What is the remainder when 5929308 is divided by 104?
60
Calculate the remainder when 2295728 is divided by 1462.
388
Calculate the remainder when 220166 is divided by 31168.
1990
What is the remainder when 36276563 is divided by 197?
195
What is the remainder when 32642 is divided by 10809?
215
Calculate the remainder when 29927516 is divided by 30.
26
What is the remainder when 32733 is divided by 30947?
1786
Calculate the remainder when 245788 is divided by 18820.
1128
What is the remainder when 185878 is divided by 808?
38
What is the remainder when 88538 is divided by 441?
338
Calculate the remainder when 663292 is divided by 28.
0
What is the remainder when 54951149 is divided by 613?
603
What is the remainder when 197837 is divided by 1?
0
Calculate the remainder when 652290 is divided by 7583.
152
What is the remainder when 47578 is divided by 1901?
53
Calculate the remainder when 6399811 is divided by 7256.
19
Calculate the remainder when 8101390 is divided by 187.
176
Calculate the remainder when 797147 is divided by 56.
43
Calculate the remainder when 159079911 is divided by 714.
711
What is the remainder when 5536109 is divided by 2203?
2173
Calculate the remainder when 194302 is divided by 492.
454
Calculate the remainder when 391478 is divided by 658.
626
What is the remainder when 30122905 is divided by 25?
5
What is the remainder when 22638525 is divided by 96?
93
Calculate the remainder when 12270087 is divided by 1.
0
Calculate the remainder when 184902 is divided by 89931.
5040
Calculate the remainder when 164106 is divided by 454.
212
Calculate the remainder when 782651 is divided by 4741.
386
What is the remainder when 768898 is divided by 3715?
3608
Calculate the remainder when 53325 is divided by 16250.
4575
What is the remainder when 384035 is divided by 3959?
12
Calculate the remainder when 277274 is divided by 179.
3
What is the remainder when 773041 is divided by 34?
17
Calculate the remainder when 157140624 is divided by 74.
70
Calculate the remainder when 76168875 is divided by 2240261.
1
What is the remainder when 79283 is divided by 3323?
2854
What is the remainder when 2136028 is divided by 305121?
181
Calculate the remainder when 1611760 is divided by 537184.
208
What is the remainder when 18788073 is divided by 9393913?
247
Calculate the remainder when 535796 is divided by 618.
608
What is the remainder when 585119 is divided by 1789?
116
Calculate the remainder when 56074152 is divided by 28037067.
18
What is the remainder when 13945819 is divided by 32?
27
What is the remainder when 10574307 is divided by 1230?
1227
Calculate the remainder when 419558 is divided by 442.
100
What is the remainder when 83656244 is divided by 71?
68
What is the remainder when 297111 is divided by 2269?
2141
Calculate the remainder when 161274 is divided by 2828.
78
What is the remainder when 484331 is divided by 30267?
59
Calculate the remainder when 11442683 is divided by 19.
9
Calculate the remainder when 1497313 is divided by 34.
21
Calculate the remainder when 12758 is divided by 11413.
1345
Calculate the remainder when 67304 is divided by 21653.
2345
Calculate the remainder when 138818745 is divided by 250.
245
What is the remainder when 11218 is divided by 1774?
574
What is the remainder when 8860394 is divided by 332?
310
What is the remainder when 918695 is divided by 37?
22
Calculate the remainder when 5543253 is divided by 19587.
132
Calculate the remainder when 40171 is divided by 4608.
3307
Calculate the remainder when 513064653 is divided by 156.
153
What is the remainder when 822605 is divided by 205635?
65
Calculate the remainder when 25954967 is divided by 3451.
3447
What is the remainder when 106956920 is divided by 302?
298
Calculate the remainder when 72788269 is divided by 45.
4
What is the remainder when 127002 is divided by 2818?
192
Calculate the remainder when 2125 is divided by 373.
260
What is the remainder when 362279 is divided by 90530?
159
Calculate the remainder when 3852959 is divided by 12.
11
What is the remainder when 1816587 is divided by 1097?
1052
What is the remainder when 3092591 is divided by 18?
11
Calculate the remainder when 59935 is divided by 1286.
779
Calculate the remainder when 5126 is divided by 2412.
302
What is the remainder when 23714843 is divided by 1989?
1985
What is the remainder when 51341 is divided by 730?
241
What is the remainder when 18759186 is divided by 21?
12
What is the remainder when 527790 is divided by 324?
318
What is the remainder when 1430290 is divided by 476748?
46
What is the remainder when 33284873 is divided by 11094950?
23
Calculate the remainder when 9069296 is divided by 108.
104
Calculate the remainder when 63821 is divided by 10266.
2225
What is the remainder when 1746717 is divided by 134?
27
What is the remainder when 66011 is divided by 114?
5
Calculate the remainder when 24709869 is divided by 24709746.
123
What is the remainder when 75728724 is divided by 1497?
1482
Calculate the remainder when 34473 is divided by 408.
201
Calculate the remainder when 5898912 is divided by 420.
12
Calculate the remainder when 12057423 is divided by 21686.
7
Calculate the remainder when 229369221 is divided by 129.
126
Calculate the remainder when 8734389 is divided by 243.
240
What is the remainder when 127041 is divided by 1497?
1293
What is the remainder when 117118 is divided by 10585?
683
Calculate the remainder when 304233805 is divided by 16.
13
Calculate the remainder when 593965 is divided by 251.
99
What is the remainder when 144647 is divided by 24022?
515
Calculate the remainder when 4581980 is divided by 367.
352
What is the remainder when 18447448 is divided by 713?
712
What is the remainder when 24701442 is divided by 38?
36
Calculate the remainder when 644552 is divided by 58590.
62
Calculate the remainder when 4171243 is divided by 81787.
106
Calculate the remainder when 479882 is divided by 904.
762
What is the remainder when 2674312 is divided by 891434?
10
What is the remainder when 538348 is divided by 150?
148
Calculate the remainder when 39714 is divided by 6390.
1374
What is the remainder when 960502 is divided by 320144?
70
Calculate the remainder when 1522705 is divided by 42297.
13
What is the remainder when 44945 is divided by 129?
53
Calculate the remainder when 10657518 is divided by 56.
46
Calculate the remainder when 9539109 is divided by 11619.
11529
What is the remainder when 5333309 is divided by 10?
9
What is the remainder when 38805 is divided by 6447?
123
Calculate the remainder when 13170074 is divided by 56.
50
What is the remainder when 1399249 is divided by 349803?
37
What is the remainder when 949965 is divided by 316583?
216
What is the remainder when 260074847 is divided by 582?
581
Calculate the remainder when 341046 is divided by 26184.
654
Calculate the remainder when 51077 is divided by 276.
17
Calculate the remainder when 224130 is divided by 111773.
584
Calculate the remainder when 208611 is divided by 208608.
3
Calculate the remainder when 31203 is divided by 25520.
5683
What is the remainder when 64068962 is divided by 7?
6
Calculate the remainder when 33792 is divided by 1298.
44
What is the remainder when 63534596 is divided by 1641?
164